 is the tens digit of 720750757?
5
What is the tens digit of 926014089?
8
What is the hundreds digit of 923682040?
0
What is the ten thousands digit of 1238664908?
6
What is the ten millions digit of 78787405?
7
What is the ten thousands digit of 91555592?
5
What is the ten millions digit of 2801879900?
0
What is the hundred millions digit of 205528234?
2
What is the units digit of 35281862?
2
What is the hundreds digit of 72422221?
2
What is the hundred thousands digit of 40007930?
0
What is the hundreds digit of 118466038?
0
What is the ten millions digit of 1061974475?
6
What is the hundreds digit of 1333846976?
9
What is the hundred millions digit of 530499765?
5
What is the millions digit of 291949712?
1
What is the thousands digit of 187365294?
5
What is the ten millions digit of 803911360?
0
What is the ten thousands digit of 20613592?
1
What is the hundreds digit of 203399160?
1
What is the hundred thousands digit of 248661926?
6
What is the hundred millions digit of 946214271?
9
What is the tens digit of 460991928?
2
What is the tens digit of 4666066?
6
What is the hundred thousands digit of 2040695794?
6
What is the tens digit of 2142955069?
6
What is the hundred thousands digit of 97858176?
8
What is the units digit of 155290053?
3
What is the millions digit of 2361227625?
1
What is the thousands digit of 825377?
5
What is the thousands digit of 41149971?
9
What is the hundreds digit of 432626113?
1
What is the tens digit of 117855321?
2
What is the ten millions digit of 233148939?
3
What is the hundreds digit of 966106446?
4
What is the units digit of 56078036?
6
What is the units digit of 48866817?
7
What is the billions digit of 1962962095?
1
What is the hundred thousands digit of 222853217?
8
What is the hundreds digit of 85496876?
8
What is the millions digit of 169140395?
9
What is the ten thousands digit of 66368421?
6
What is the ten millions digit of 85252323?
8
What is the units digit of 485907962?
2
What is the hundred thousands digit of 131252838?
2
What is the thousands digit of 105709162?
9
What is the hundred thousands digit of 86002869?
0
What is the millions digit of 166654821?
6
What is the tens digit of 2255222393?
9
What is the billions digit of 3847507859?
3
What is the units digit of 6290008643?
3
What is the hundreds digit of 418268449?
4
What is the millions digit of 349040319?
9
What is the units digit of 12260942?
2
What is the tens digit of 387894988?
8
What is the tens digit of 306176499?
9
What is the ten millions digit of 54890771?
5
What is the hundreds digit of 1829296985?
9
What is the hundred millions digit of 1663278535?
6
What is the thousands digit of 87147016?
7
What is the hundred millions digit of 2871318763?
8
What is the hundred thousands digit of 89279458?
2
What is the units digit of 585839099?
9
What is the millions digit of 330416970?
0
What is the thousands digit of 63808155?
8
What is the millions digit of 24734941?
4
What is the hundred thousands digit of 132499595?
4
What is the units digit of 83240601?
1
What is the tens digit of 29277437?
3
What is the hundred millions digit of 219987064?
2
What is the thousands digit of 53320652?
0
What is the hundred thousands digit of 115001193?
0
What is the tens digit of 83416395?
9
What is the hundred thousands digit of 1678108052?
1
What is the thousands digit of 838455179?
5
What is the ten millions digit of 5671533789?
7
What is the units digit of 1997854589?
9
What is the tens digit of 781117643?
4
What is the tens digit of 74514773?
7
What is the tens digit of 658116857?
5
What is the hundred millions digit of 476080085?
4
What is the units digit of 8397205509?
9
What is the ten thousands digit of 1676570863?
7
What is the ten thousands digit of 1424805021?
0
What is the hundred thousands digit of 611253177?
2
What is the hundreds digit of 65442753?
7
What is the units digit of 40509625?
5
What is the billions digit of 5728349717?
5
What is the millions digit of 120486847?
0
What is the tens digit of 1241596735?
3
What is the millions digit of 946107310?
6
What is the hundred thousands digit of 31443418?
4
What is the units digit of 581751882?
2
What is the millions digit of 339076599?
9
What is the hundreds digit of 38457486?
4
What is the units digit of 20517208?
8
What is the hundreds digit of 58976588?
5
What is the hundred millions digit of 4088113361?
0
What is the hundred thousands digit of 71076165?
0
What is the tens digit of 641540941?
4
What is the tens digit of 597882064?
6
What is the millions digit of 1655575639?
5
What is the tens digit of 1044226651?
5
What is the tens digit of 800866346?
4
What is the thousands digit of 46139775?
9
What is the thousands digit of 51224793?
4
What is the thousands digit of 812947042?
7
What is the millions digit of 285393022?
5
What is the millions digit of 594131151?
4
What is the millions digit of 5658245234?
8
What is the ten millions digit of 1486671849?
8
What is the hundred millions digit of 3119973066?
1
What is the thousands digit of 43015419?
5
What is the ten millions digit of 896383981?
9
What is the units digit of 1544227269?
9
What is the units digit of 587152621?
1
What is the thousands digit of 290488191?
8
What is the hundred millions digit of 500131809?
5
What is the millions digit of 141201904?
1
What is the hundreds digit of 54692694?
6
What is the ten millions digit of 132233498?
3
What is the units digit of 1133359888?
8
What is the hundreds digit of 61329206?
2
What is the tens digit of 4280592029?
2
What is the tens digit of 31055393?
9
What is the units digit of 4333824983?
3
What is the tens digit of 260605620?
2
What is the ten millions digit of 5713509799?
1
What is the millions digit of 884363672?
4
What is the tens digit of 546970943?
4
What is the hundred thousands digit of 16917687?
9
What is the units digit of 1588276552?
2
What is the ten millions digit of 2655703618?
5
What is the units digit of 2120986730?
0
What is the tens digit of 78094543?
4
What is the ten millions digit of 20901100?
2
What is the hundred millions digit of 772613378?
7
What is the ten thousands digit of 5158827?
5
What is the billions digit of 1063732832?
1
What is the millions digit of 68842968?
8
What is the units digit of 776466982?
2
What is the hundred thousands digit of 874169802?
1
What is the ten thousands digit of 9863004?
6
What is the hundred millions digit of 1332397518?
3
What is the millions digit of 468479828?
8
What is the hundred thousands digit of 215896356?
8
What is the ten thousands digit of 62459358?
5
What is the tens digit of 304833123?
2
What is the tens digit of 670939411?
1
What is the tens digit of 258645977?
7
What is the hundred millions digit of 221123511?
2
What is the tens digit of 1535797233?
3
What is the thousands digit of 1059469837?
9
What is the ten thousands digit of 663706796?
0
What is the hundred thousands digit of 820258610?
2
What is the tens digit of 1557929183?
8
What is the ten thousands digit of 12240987?
4
What is the ten thousands digit of 5506887676?
8
What is the hundred millions digit of 186042329?
1
What is the hundred thousands digit of 98638668?
6
What is the units digit of 4804630519?
9
What is the hundred thousands digit of 4360775034?
7
What is the hundred thousands digit of 717919876?
9
What is the millions digit of 97367197?
7
What is the thousands digit of 137323675?
3
What is the hundred thousands digit of 819797191?
7
What is the billions digit of 1140411042?
1
What is the millions digit of 160729107?
0
What is the tens digit of 3366285564?
6
What is the hundred millions digit of 1940913551?
9
What is the hundred thousands digit of 130329053?
3
What is the ten millions digit of 11531111?
1
What is the tens digit of 1959501689?
8
What is the millions digit of 1469336945?
9
What is the ten thousands digit of 628884229?
8
What is the hundred thousands digit of 15434949?
4
What is the hundreds digit of 214837678?
6
What is the hundred millions digit of 3736506821?
7
What is the units digit of 4897559?
9
What is the tens digit of 1537529911?
1
What is the thousands digit of 3850958?
0
What is the hundred thousands digit of 957984449?
9
What is the ten millions digit of 76137298?
7
What is the tens digit of 339416953?
5
